38
Let w(t) = -75*t - 603. Give w(-11).
222
Let i(u) = -210*u**2 + 12*u + 2. What is i(-1)?
-220
Let i(r) = r**3 - 55*r**2 - 166*r - 412. Give i(58).
52
Let z(f) = -102*f - 5852. Calculate z(-57).
-38
Let l(s) = s**3 + 25*s**2 - 3*s - 23. What is l(-25)?
52
Let z(h) = -48*h - 594. Give z(-13).
30
Let s(o) = 11*o - 45. Determine s(13).
98
Let z(p) = -p**2 + 469*p - 2315. Determine z(5).
5
Let i(b) = 72*b - 75. Give i(3).
141
Let c(z) = z**2 + 182*z + 2160. Calculate c(-169).
-37
Let g(t) = -3*t**3 - 25*t**2 + 3*t + 1. What is g(-4)?
-219
Let b(v) = v**2 + 65*v - 209. Give b(3).
-5
Let c(f) = -f**3 - 36*f**2 + 449*f + 101. What is c(10)?
-9
Let b(l) = -18*l**2 + 113*l - 64. Determine b(6).
-34
Let d(s) = -10*s**2 + 14*s - 4. Give d(-6).
-448
Let p(f) = 494*f + 10328. Give p(-21).
-46
Let p(t) = t**2 - 3*t + 104. Calculate p(0).
104
Let o(y) = 82*y + 186. Give o(-3).
-60
Let o(j) = -j**2 - 111*j - 1536. Determine o(-87).
552
Let g(i) = -i**3 - 4*i**2 + 8*i - 23. Determine g(-6).
1
Let q(l) = 61*l**2 - 9*l + 2. What is q(1)?
54
Let z(q) = -q**3 + 50*q**2 + 70*q + 2013. What is z(52)?
245
Let f(a) = 254*a - 14234. Determine f(56).
-10
Let r(s) = s**2 + 23*s - 121. Give r(-28).
19
Let k(u) = 2*u**3 - 6*u**2 + 42*u - 105. Give k(3).
21
Let d(q) = 108*q - 866. What is d(8)?
-2
Let d(p) = p**3 + 82*p**2 - 823*p - 417. What is d(-91)?
-53
Let p(y) = y**2 + 46*y - 855. Give p(14).
-15
Let d(c) = 144*c + 425. Determine d(-3).
-7
Let q(s) = s**3 + 10*s**2 + 27*s - 4. Determine q(-4).
-16
Let v(q) = -131*q + 7206. Give v(55).
1
Let k(i) = -10*i - 98. Determine k(47).
-568
Let i(m) = 32*m**2 - 163*m + 4. Give i(5).
-11
Let x(g) = 11*g - 233. Give x(17).
-46
Let s(f) = 36*f**3 + 15*f**2 - 10*f - 5. Calculate s(1).
36
Let h(r) = 2*r**2 - 1314*r + 3952. Determine h(3).
28
Let l(n) = n**3 + 98*n**2 + 196*n + 413. What is l(-96)?
29
Let m(r) = -r**2 + 25*r + 19598. What is m(153)?
14
Let o(w) = -32*w - 71. Determine o(-2).
-7
Let s(k) = 55*k**3 - 5*k**2 - k - 3. Give s(2).
415
Let t(l) = -l**2 - 27*l + 219. Calculate t(-34).
-19
Let l(h) = -h**2 + 310*h + 21767. Calculate l(-59).
-4
Let l(n) = -6*n + 265. Determine l(41).
19
Let s(g) = 22*g**2 - 65*g - 189. Determine s(-5).
686
Let b(q) = -53*q + 686. What is b(11)?
103
Let y(b) = 10*b**2 - 62*b + 184. Determine y(3).
88
Let k(w) = w**3 + 68*w**2 + 67*w + 63. Determine k(-67).
63
Let y(g) = 2319*g - 2328. Determine y(1).
-9
Let b(t) = -t**2 + 75*t - 298. Determine b(55).
802
Let a(l) = -20*l - 349. What is a(-18)?
11
Let m(b) = -b**2 - 3*b + 291. What is m(-20)?
-49
Let j(d) = -d**3 + 13*d**2 + 7*d - 378. Calculate j(10).
-8
Let c(o) = -o**2 - 19*o + 1177. Give c(27).
-65
Let m(p) = -p**2 + 127*p - 744. Give m(6).
-18
Let v(y) = 7*y**2 - 22*y - 169. Calculate v(-7).
328
Let d(x) = 12*x**3 + 17*x**2 - 13*x - 26. Give d(-3).
-158
Let w(m) = 96*m - 3711. Calculate w(39).
33
Let o(n) = -6*n**2 + 42*n - 14. What is o(8)?
-62
Let y(x) = -x**2 + 43*x - 310. What is y(10)?
20
Let w(u) = u**3 + 12*u**2 + 13*u + 28. Give w(-5).
138
Let u(g) = -56*g**2 + 1218*g + 317. Calculate u(22).
9
Let t(l) = -4*l**2 - 2*l - 8. Calculate t(5).
-118
Let y(h) = 2615*h - 20922. Calculate y(8).
-2
Let b(w) = 2*w**2 + 152*w + 568. Determine b(-72).
-8
Let q(p) = -12*p**3 - 275*p**2 + 28*p + 110. Calculate q(-23).
-5
Let k(s) = -5*s - 21. Calculate k(11).
-76
Let i(a) = 13*a - 108. Determine i(2).
-82
Let z(p) = 168*p + 17367. Calculate z(-103).
63
Let o(h) = h**3 - 14*h**2 - 1971*h + 178. Give o(-38).
-12
Let k(a) = 24*a**2 + 111*a - 55. Give k(-5).
-10
Let x(o) = 10*o - 94. Calculate x(4).
-54
Let f(n) = n**3 + 32*n - 9. Determine f(0).
-9
Let x(h) = -4*h**2 - 115*h + 36. Give x(-31).
-243
Let s(r) = 259*r - 1965. Determine s(8).
107
Let l(o) = -190*o + 4935. Determine l(26).
-5
Let i(p) = 32*p - 3337. Determine i(104).
-9
Let f(w) = 13097*w**2 - 91676*w - 9. Give f(7).
12
Let y(a) = 12*a + 241. Determine y(-19).
13
Let x(t) = -4*t**2 + 19*t - 21. What is x(2)?
1
Let u(f) = -f**3 - 4*f**2 + 14*f + 21. Give u(-7).
70
Let a(o) = -13*o**2 - 23*o + 44. Give a(-3).
-4
Let r(b) = 144*b + 16. Calculate r(-1).
-128
Let v(m) = -m**3 + 151*m**2 + 10050*m - 1. Calculate v(-50).
-1
Let q(r) = 4*r**3 + 83*r**2 + 54*r - 124. What is q(-20)?
-4
Let f(k) = k**3 - 8*k**2 + 9*k - 16. Determine f(6).
-34
Let p(d) = -32*d - 1560. Calculate p(-49).
8
Let g(w) = -47*w - 367. What is g(-8)?
9
Let n(h) = h**2 + 25*h - 150. What is n(-33)?
114
Let s(l) = -l**2 + 11*l + 20. Give s(14).
-22
Let m(l) = -4*l**3 + 38*l**2 - 2*l - 73. Give m(9).
71
Let u(q) = 60*q + 19. Determine u(-4).
-221
Let s(q) = 55*q + 275. Give s(-2).
165
Let y(p) = -4*p**2 + 171*p + 751. Determine y(-4).
3
Let f(p) = -8*p**3 - 4*p**2 - 4*p - 19. Calculate f(-4).
445
Let g(i) = 9*i**2 + 163*i + 390. What is g(-15)?
-30
Let a(p) = 1258*p - 89320. What is a(71)?
-2
Let z(n) = -n**3 - 9*n**2 - 20*n + 54. Give z(-11).
516
Let h(t) = -t**3 + 21*t**2 + 103*t - 75. What is h(25)?
0
Let n(r) = r**3 - 8*r**2 - 65*r - 30. Determine n(13).
-30
Let i(o) = -63*o - 450. What is i(-8)?
54
Let p(n) = -n**2 + 370*n - 6006. Calculate p(17).
-5
Let a(c) = 2*c**2 + 222*c + 6159. What is a(-58)?
11
Let b(r) = 2*r**3 + 29*r**2 + 6*r - 93. What is b(-14)?
19
Let a(q) = q**3 + 54*q**2 - 102*q + 563. What is a(-56)?
3
Let q(t) = 10*t**2 - 269*t - 43. What is q(27)?
-16
Let a(b) = b**2 + 56*b - 1597. Calculate a(-77).
20
Let c(l) = 3*l - 32. Determine c(8).
-8
Let w(j) = -1171*j - 12885. What is w(-11)?
-4
Let i(v) = -v**3 - 10*v**2 + 127*v + 794. Give i(-15).
14
Let i(n) = -n**2 + 45*n - 42. Determine i(45).
-42
Let a(n) = 22*n**2 + 337*n - 730. Determine a(2).
32
Let r(n) = -22*n**2 - 529*n - 8. Determine r(-24).
16
Let v(h) = -3*h + 106. What is v(47)?
-35
Let o(a) = 27*a - 723. What is o(30)?
87
Let d(z) = 2*z**2 + 91*z + 512. Give d(-39).
5
Let p(y) = 10*y**2 + 84*y + 86. Determine p(-1).
12
Let r(m) = m**2 + 7*m - 131. Calculate r(6).
-53
Let x(y) = y**2 + 83*y + 1366. Calculate x(-21).
64
Let m(f) = -f**2 + 52*f + 652. Determine m(-10).
32
Let i(j) = j**3 - 11*j**2 - 58*j - 9. What is i(-4)?
-17
Let r(y) = -5*y**2 + 45*y - 20. Determine r(4).
80
Let u(l) = 67*l - 751. Calculate u(11).
-14
Let n(t) = 18*t**2 + 42*t + 3. What is n(-2)?
-9
Let f(c) = 3*c**2 - 192*c + 374. Determine f(62).
2
Let k(v) = 2*v**2 + 89*v - 642. What is k(-51)?
21
Let h(i) = 8*i**3 + 105*i**2 + 12*i + 12. Calculate h(-13).
25
Let c(v) = 4*v**2 + 8. Give c(2).
24
Let c(z) = z**3 - 128*z**2 + 1064*z + 37. Calculate c(9).
-26
Let r(u) = -42*u**2 - 2*u - 28. Determine r(-3).
-400
Let b(f) = 113*f + 2946. What is b(-26)?
8
Let p(u) = 8*u - 30. What is p(-6)?
-78
Let d(z) = 559*z + 9497. Determine d(-17).
-6
Let a(y) = -119*y - 363. Calculate a(-4).
113
Let b(n) = 118*n - 1081. Give b(9).
-19
Let v(t) = -t**2 + 90*t - 1074. Calculate v(76).
-10
Let x(n) = n**3 + 27*n**2 + 40*n + 144. Calculate x(-25).
394
Let m(f) = -2*f**2 - 205*f - 1175. Give m(-6).
-17
Let k(c) = 5*c**3 - 2*c**2 + 4*c + 4. Calculate k(2).
44
Let f(r) = -399*r - 2455. Give f(-6).
-61
Let v(i) = -i**2 + 5*i - 10. What is v(9)?
-46
Let f(d) = d**2 + 114*d + 443. What is f(-110)?
3
Let f(v) = 17*v - 2363. What is f(140)?
17
Let c(s) = -26*s**2 - 7358*s + 7360. What is c(1)?
-24
Let z(h) = h**3 + 8*h**2 + 29*h + 74. Calculate z(-4).
22
Let c(m) = -m**3 - 15*m**2 + m + 16. Calculate c(-15).
1
Let o(d) = -274*d - 243. What is o(-1)?
31
Let g(a) = -2*a**3 + 102*a**2 - 101*a + 52. Calculate g(50).
2
Let y(d) = -2*d**3 - 25*d**2 + 13*d + 20. What is y(-12)?
-280
Let o(q) = 4*q**3 - 30*q**2 - 16*q - 18. Calculate o(8).
-18
Let z(t) = -t**2 - 26*t - 95. What is z(-19)?
38
Let i(t) = 2*t**2 + 74*t + 13. Give i(-37).
13
Let u(z) = -z**3 + 41*z**2 + 48*z - 254. Determine u(42).
-2
Let q(h) = -3*h**3 - 48*h**2 - 25*h + 178. Give q(-15).
-122
Let z(i) = 33*i + 245. Give z(-10).
-85
Let g(k) = -92*k**2 + 4234*k - 92. What is g(46)?
0
Let n(j) = -j**3 + 48*j**2 + 107*j + 84. Determine n(50).
434
Let q(f) = f**2 + 26*f - 65. What is q(-29)?
22
Let u(j) = -j**2 - 97*j + 4827. Give u(-134).
-131
Let i(d) = -3*d**2 - 26*d - 57. Determine i(-15).
-342
Let l(q) = -q**2 + 2978*q + 35877. Calculate l(-12).
-3
Let y(u) = -u**3 - 7*u**2 - 2*u + 20. What is y(-6)?
-4
Let h(c) = 2*c**3 + 281*c**2 - 144